ose -r - 3*a = 5, -2*a = r - 4*a - m. Suppose -4*g - r + 32 = 0. What is the units digit of g?
7
Let y(t) = 3*t**2 - 7. Suppose 3*w + 0*s + 3 = -5*s, w + 1 = 2*s. Let r be (w + 0)/((-5)/20). What is the units digit of y(r)?
1
Suppose l = 4*q + 4*l + 196, 5*q + 2*l + 245 = 0. Let f = -15 - q. Suppose 4*m - f = -g, 2*g - 107 = m + 6. What is the tens digit of g?
5
Suppose -4*r + 4*k + 655 = -2161, 0 = r - 2*k - 702. What is the hundreds digit of r?
7
Let g = 1 + 2. Let m(l) = 5*l**3 + 6*l**2 - 3*l - 3. Let j(x) = -4*x**3 - 5*x**2 + 2*x + 2. Let b(t) = g*m(t) + 4*j(t). What is the tens digit of b(-3)?
1
What is the tens digit of (-4)/(-3)*(-26610)/(-40)?
8
Suppose -26*h - 3*o = -21*h - 8498, -4*h + 5*o = -6791. What is the units digit of h?
9
Suppose 20*m - 4761 - 5839 = 0. What is the tens digit of m?
3
Let b = 19 + -18. Let g = 3 - b. What is the units digit of g?
2
What is the units digit of 6*21*(-22)/(-12)?
1
Let s(m) = m**3 - 12*m**2 + 2*m - 18. Let n be s(12). Let k = -3 + n. What is the units digit of ((-1)/k)/(2/(-18))?
3
Let x = 29 - 25. Suppose y = 12 - x. Suppose -y*w + 325 = -3*w. What is the units digit of w?
5
Let v(r) = -3*r + 23. Let p be v(0). Let m = p - -28. What is the tens digit of m?
5
Suppose 208 - 205 = 3*v. What is the units digit of v?
1
Suppose 3*r - 2*i = -335 + 8548, 5*r - 13680 = -5*i. What is the thousands digit of r?
2
Suppose n + 2*k + k - 65 = 0, 0 = -5*n + 5*k + 425. Let p = -48 + n. Suppose 3*s = 5*z - 3 + 5, -3*s - z = -p. What is the units digit of s?
9
Suppose 5*n - 414 = -n. Let x = n - -15. What is the units digit of x?
4
Let o(y) = 6*y - 22. Let p be o(6). Suppose 2*q = 4*q - p. What is the units digit of q?
7
Let t(y) = 7*y**2 - 4*y + 10. What is the hundreds digit of t(6)?
2
Let v be (6/(-9))/(5/(-30)). Suppose 4 = -4*f, v*h - 488 - 325 = 5*f. What is the hundreds digit of h?
2
Let f(l) = 18*l**3 - 8*l**2 + 20*l - 114. What is the units digit of f(6)?
6
Let f = 12 - 11. Suppose -5 - f = -2*l. Suppose l*y + 2*v = 73, -v = -4*v + 15. What is the units digit of y?
1
Let y = -11 - -13. Let m(l) = 2*l + y + 0*l - 37*l. What is the units digit of m(-2)?
2
Let n(v) = -5*v - 4. Suppose -3*j + 1 + 10 = -2*m, 0 = 3*j + m - 8. Let w(b) = -4*b - 3. Let x(y) = j*n(y) - 2*w(y). What is the tens digit of x(-4)?
2
Let j(d) = -18*d + 63. What is the units digit of j(-15)?
3
Let g = 16 - 18. Suppose 34*p - 60 = 39*p. What is the tens digit of ((-6)/p)/(g/(-168))?
4
What is the tens digit of (19 - 891/12)/(2/(-96))?
5
Let f(q) = -q + 5. Let u(s) = s**3 + 2*s**2 - 3*s + 3. Let j be u(-3). Let t be f(j). Suppose t*a = -0 + 16. What is the units digit of a?
8
Let m(h) = 317*h**2 - 18*h - 13. What is the thousands digit of m(3)?
2
Let c(i) = -2*i. Let t be c(-2). Suppose x + k - 3 = 5, 0 = -2*x + 4*k + t. Suppose -x*o + 3*o + 6 = 0. What is the units digit of o?
2
Suppose -145*m - 40470 = -175*m. What is the hundreds digit of m?
3
Suppose -435 = 851*m - 852*m. What is the hundreds digit of m?
4
Suppose -17*b = -3*b - 24136. What is the hundreds digit of b?
7
Suppose 1534 = 4*i - 1122. What is the units digit of i?
4
Suppose p = -3*a - 3*p + 532, p = -2*a + 358. What is the tens digit of a?
8
Let g = -8 + 14. Let b be 2/g*-4*3. Let z = b - -10. What is the units digit of z?
6
What is the hundreds digit of (3826/(-3))/(166/(-747))?
7
Suppose -11*l + 20046 - 1357 = 0. What is the units digit of l?
9
Let g = 561 + 27. What is the hundreds digit of g?
5
What is the tens digit of (-8)/6*(-266997)/244?
5
What is the tens digit of (8/((-48)/12318))/(-1)?
5
Let n be (-38)/(1 + 0 + -2). Let y = -105 + 108. Suppose -y*x + n = 14. What is the units digit of x?
8
Let l be (21/14)/(2/36). Let h be ((-2)/(-3))/((-18)/l). What is the units digit of 2 - (4 + (-20 - h))?
7
Suppose 2*b + 2*r - 15 = -r, -2*b + 2*r = 10. Suppose g = -b*g - 12. Let t = 19 - g. What is the tens digit of t?
3
Let y = -78 - -159. Suppose -m = -13 - y. What is the units digit of m?
4
Let g = 573 - 192. What is the hundreds digit of g?
3
Suppose -2*m = 2*m - 8. Suppose 0 = -4*w - m + 22. Suppose 0 = 5*v + w, -2*p + 114 = v + 3*v. What is the tens digit of p?
5
Let c(q) = -q**3 + 4*q**2 + 2*q + 3. Let l be (1 + -1 + -1)*-4. Let u be c(l). Suppose 0 = -w + u + 21. What is the tens digit of w?
3
Suppose 4*q = -h + 7, 7*h = 3*q + 3*h - 29. Suppose -p - 140 = -2*y, 10*y + q*p = 5*y + 372. What is the tens digit of y?
7
Let q = -2407 - -4444. What is the thousands digit of q?
2
Suppose -8*f - 2646 = -35*f. What is the tens digit of f?
9
Let j(g) be the third derivative of 359*g**4/24 - g**3/6 + 10*g**2. Let y be j(-1). What is the units digit of (y/50)/(2/(-15))?
4
Let z(p) = p**3 - 17*p**2 + 17*p - 19. Let g be z(16). Let a be g + 1 + (1 - -84). Let n = -41 + a. What is the tens digit of n?
4
Suppose 1 = -c + 3. Suppose -17*t + 952 = -9*t. Suppose -t = -3*m + 5*u, -c*u = -5*m - 6*u + 260. What is the units digit of m?
8
What is the tens digit of (-96 - -603)/(2/8)?
2
Suppose -2*l - 20 = n - 3*n, 3*l + 40 = 5*n. Suppose -3 = -n*b + 2*b. Suppose -2*s + 18 = 2*x + x, 2*x = 3*s - b. What is the units digit of x?
4
Suppose 3*k - 3 - 3 = 0. Suppose -y + k*y = -w + 6, 0 = -3*w - 4*y + 21. Suppose w*u = u + 4. What is the units digit of u?
2
Suppose 395 = -58*g + 63*g. What is the units digit of g?
9
Suppose 0 = 4*j - 37 - 243. Suppose 0 = -v - 245 + j. What is the units digit of (6/(-10))/(5/v)?
1
Suppose 0 = -26*n + 4272 + 10496. What is the units digit of n?
8
Let j(f) = 16*f**2 + 5. Suppose 2*p - 3*t = 3, -2*p - 3*p + 2*t = 9. What is the hundreds digit of j(p)?
1
Let l be ((-18)/(-10))/(11/55). Let g be 6/8*(1 - l). What is the units digit of (-4)/6 + (-34)/g?
5
Let f be -2 - (-3)/(12/92). Suppose -b = -22 + f. What is the units digit of b?
1
Let t(a) = -a + 15. Let r be t(13). What is the units digit of (-88)/(r + (-8)/2)?
4
Let u(l) = -l**3 - 2*l**2 + 3*l + 7. What is the units digit of u(-10)?
7
Let i(o) be the first derivative of 5*o**3/3 - 10*o**2 + 9*o - 9. What is the tens digit of i(6)?
6
Suppose -15 = b + 5*i, 0 = -b - 0*b - 4*i - 12. Suppose 4*y - 5*y + 63 = b. What is the tens digit of y?
6
Let k = 4745 + -3110. What is the hundreds digit of k?
6
Let u = 29 - -95. Let o = u - 91. What is the tens digit of o?
3
Suppose 3*z = 858 + 675. What is the units digit of z?
1
Suppose -3110 = -14*i + 11282. What is the units digit of i?
8
Suppose 4*p - 2123 = -11*o + 6*o, -5*o + 2105 = -5*p. What is the hundreds digit of o?
4
Suppose 35*b - 87451 = 4*b. What is the tens digit of b?
2
Suppose 2 = 2*w, -2*j - 3*j + w = -1254. What is the hundreds digit of j?
2
What is the thousands digit of ((-6 - -8) + -253)/((-4)/44)?
2
Let l be 7 + 23 + -2 + 3. Let j = -19 + l. What is the tens digit of (24/10)/(j/160)?
3
Suppose 5*d + 19 = -t, 5*d + 11 = 3*t - 12. Let j be (-1692)/6 - (d + 0). What is the tens digit of (-11)/(-44) - j/8?
3
Suppose 0 = -25*g + 22514 - 3414. What is the units digit of g?
4
Suppose 2*m + 160 = 4*m. Suppose -2*f + 7*f = m. What is the units digit of f?
6
Suppose -c - s = -713, -10*s + 12*s - 3556 = -5*c. What is the units digit of c?
0
Let l(n) = n**3 + 4*n**2 + 3*n + 3. Let a be (2 - 1)/((-12)/36). Let r be l(a). Suppose -z + 203 = r*y, 2*y - 3*z = 4*y - 126. What is the tens digit of y?
6
Suppose -47645 = -25*y - 15645. What is the thousands digit of y?
1
Let j(w) = -w**3 + w**2 - w. Let r(p) = 4*p**3 - 13*p**2 + 8*p + 2. Let b(k) = 5*j(k) + r(k). Let f be b(-8). Let q = -11 - f. What is the tens digit of q?
1
Let n(c) = -c**2 - 3*c + 981. What is the units digit of n(0)?
1
Let p(t) = 2*t + 50. Let z be p(-23). Suppose 9*r - z*r - 795 = 0. What is the units digit of r?
9
Let t be (-1 - 5)*1300/(-60). Suppose -o + h = -22, 0 = 4*o + 3*h + 7 - t. What is the tens digit of o?
2
Suppose 4*x + 2*m = 942, -x - 2*m + 11 + 223 = 0. What is the units digit of x?
6
Suppose 2*a - 13 = -2*o + 15, -3*o - 4*a = -46. What is the units digit of 3 + o/(-4)*(-2)/1?
8
Let q = 9 + 21. Suppose 2*x - q = 52. What is the units digit of x?
1
Let s(a) = 4 + 0 - 6 + 3*a + a. What is the tens digit of s(12)?
4
Let p(x) = 134*x**3 - 3*x**2 - 2*x + 5. What is the thousands digit of p(2)?
1
Suppose -61*h + 122070 = 4*h. What is the hundreds digit of h?
8
Suppose 0 = 4*i + i - 2135. W